{"id":32,"date":"2020-09-20T16:45:55","date_gmt":"2020-09-20T13:45:55","guid":{"rendered":"https:\/\/gokalp-hukuk.com\/?page_id=32"},"modified":"2020-10-01T18:45:05","modified_gmt":"2020-10-01T15:45:05","slug":"hakkimizda","status":"publish","type":"page","link":"https:\/\/gokalp-hukuk.com\/index.php\/hakkimizda\/","title":{"rendered":"Hakk\u0131m\u0131zda"},"content":{"rendered":"\n<h3>KURUMSAL K\u0130ML\u0130\u011e\u0130M\u0130Z<\/h3>\n\n\n\n<hr class=\"wp-block-separator\"\/>\n\n\n\n<p>Geni\u015f bir \u00e7er\u00e7evede hukuk hizmeti sunan G\u00f6kalp Hukuk B\u00fcrosu, en verimli \u015fekilde \u00e7\u00f6z\u00fcme ula\u015fmak amac\u0131yla \u00e7al\u0131\u015fmalar\u0131n\u0131 s\u00fcrd\u00fcrmektedir. Konular\u0131nda gereken akademik ve mesleki birikim ve tecr\u00fcbeye sahip olman\u0131n yan\u0131 s\u0131ra gen\u00e7 ve dinamik yap\u0131daki kadrosu ile farkl\u0131 hukuk alanlar\u0131nda uzman dan\u0131\u015fmanlara ve g\u00fc\u00e7l\u00fc bir m\u00fcvekkil a\u011f\u0131na sahiptir.<\/p>\n\n\n\n<p>G\u00f6kalp Hukuk B\u00fcrosu\u2019 nun nihai hedefi, yurt i\u00e7inde ve yurt d\u0131\u015f\u0131nda g\u00fc\u00e7l\u00fc \u00e7\u00f6z\u00fcm ortaklar\u0131yla birlikte m\u00fcvekkillerine en uygun hukuki \u00e7\u00f6z\u00fcm\u00fc, en kaliteli bi\u00e7imde \u00fcretmektir. Bu hedeften hareketle G\u00f6kalp Hukuk B\u00fcrosu, sa\u011flad\u0131\u011f\u0131 hukuki hizmetin yerel ve uluslar aras\u0131 ihtiya\u00e7lar\u0131 kar\u015f\u0131lamas\u0131, kalite s\u00fcreklili\u011finin sa\u011flanmas\u0131 i\u00e7in ulusal ve uluslararas\u0131 hukuki ve finansal geli\u015fmeleri yak\u0131ndan takip etmekte ve en \u00f6nemli ba\u015far\u0131 kayna\u011f\u0131 \u201cinsan\u201d fakt\u00f6r\u00fcne b\u00fcy\u00fck \u00f6nem vermektedir.<\/p>\n\n\n\n<figure class=\"wp-block-image size-large is-style-rounded\"><img loading=\"lazy\" width=\"1024\" height=\"359\" src=\"https:\/\/gokalp-hukuk.com\/wp-content\/uploads\/2020\/09\/07-Kopya-1024x359.jpg\" alt=\"\" class=\"wp-image-44\" srcset=\"https:\/\/gokalp-hukuk.com\/wp-content\/uploads\/2020\/09\/07-Kopya-1024x359.jpg 1024w, https:\/\/gokalp-hukuk.com\/wp-content\/uploads\/2020\/09\/07-Kopya-300x105.jpg 300w, https:\/\/gokalp-hukuk.com\/wp-content\/uploads\/2020\/09\/07-Kopya-768x269.jpg 768w, https:\/\/gokalp-hukuk.com\/wp-content\/uploads\/2020\/09\/07-Kopya.jpg 1140w\" sizes=\"(max-width: 1024px) 100vw, 1024px\" \/><\/figure>\n\n\n\n<figure class=\"wp-block-table\"><table><tbody><tr><td><strong>M\u0130SYONUMUZ<\/strong><br>M\u00fcvekkillerimize, beklentilerinin de \u00f6tesinde hizmet sunarak, \u00e7\u0131kmas\u0131 muhtemel sorunlar\u0131 minimum riskle engellemek, \u00e7\u0131kan sorunlar\u0131 en k\u0131sa zamanda ve en avantajl\u0131 \u015fekilde prensip ve ilkelerimizden \u00f6d\u00fcn vermeden \u00e7\u00f6z\u00fcme kavu\u015fturmakt\u0131r.<br><\/td><td><\/td><td><strong>V\u0130ZYONUMUZ<\/strong><br>Bireysel ya da kurumsal \u00f6l\u00e7ekli her t\u00fcrl\u00fc m\u00fcvekkil ihtiya\u00e7lar\u0131na cevap verecek nitelikte, her y\u00f6n\u00fcyle uzmanla\u015fm\u0131\u015f, \u00f6nc\u00fc, dinamik, yenilik\u00e7i ve sorun \u00e7\u0131kmadan m\u00fcdahale ilkesi do\u011frultusunda hareket ederek sadece var olan sorunlara \u00e7\u00f6z\u00fcm \u00fcretmek yerine \u00f6ng\u00f6r\u00fcl\u00fc bir bak\u0131\u015f a\u00e7\u0131s\u0131yla sorunlar\u0131 ortaya \u00e7\u0131kmadan engellemekti<\/td><\/tr><\/tbody><\/table><\/figure>\n\n\n\n<hr class=\"wp-block-separator\"\/>\n\n\n\n<figure class=\"wp-block-table aligncenter\"><table><tbody><tr><td class=\"has-text-align-center\" data-align=\"center\"><a href=\"https:\/\/gokalp-hukuk.com\/index.php\/hakkimizda\/kullanim-sozlesmesi\/\" data-type=\"URL\" data-id=\"https:\/\/gokalp-hukuk.com\/index.php\/hakkimizda\/kullanim-sozlesmesi\/\">Kullan\u0131c\u0131 S\u00f6zle\u015fmesi<\/a><\/td><td><a href=\"https:\/\/gokalp-hukuk.com\/index.php\/hakkimizda\/gizlilik-politikasi\/\" data-type=\"URL\" data-id=\"https:\/\/gokalp-hukuk.com\/index.php\/hakkimizda\/gizlilik-politikasi\/\">Gizlilik Bildirimi<\/a><\/td><td><a href=\"https:\/\/gokalp-hukuk.com\/index.php\/hakkimizda\/yasal-uyari\/\" data-type=\"URL\" data-id=\"https:\/\/gokalp-hukuk.com\/index.php\/hakkimizda\/yasal-uyari\/\">Yasal Uyar\u0131<\/a><\/td><\/tr><\/tbody><\/table><\/figure>\n","protected":false},"excerpt":{"rendered":"<p>KURUMSAL K\u0130ML\u0130\u011e\u0130M\u0130Z Geni\u015f bir \u00e7er\u00e7evede hukuk hizmeti sunan G\u00f6kalp Hukuk B\u00fcrosu, en verimli \u015fekilde \u00e7\u00f6z\u00fcme ula\u015fmak amac\u0131yla \u00e7al\u0131\u015fmalar\u0131n\u0131 s\u00fcrd\u00fcrmektedir. Konular\u0131nda gereken akademik ve mesleki birikim ve tecr\u00fcbeye sahip olman\u0131n yan\u0131 s\u0131ra gen\u00e7 ve dinamik yap\u0131daki kadrosu ile farkl\u0131 hukuk alanlar\u0131nda uzman dan\u0131\u015fmanlara ve g\u00fc\u00e7l\u00fc bir m\u00fcvekkil a\u011f\u0131na sahiptir. G\u00f6kalp Hukuk B\u00fcrosu\u2019 nun nihai hedefi, yurt i\u00e7inde ve yurt d\u0131\u015f\u0131nda g\u00fc\u00e7l\u00fc \u00e7\u00f6z\u00fcm ortaklar\u0131yla birlikte m\u00fcvekkillerine en uygun hukuki \u00e7\u00f6z\u00fcm\u00fc, en kaliteli&hellip; <\/p>\n","protected":false},"author":1,"featured_media":0,"parent":0,"menu_order":1,"comment_status":"closed","ping_status":"closed","template":"layouts\/page-fullwidth.php","meta":[],"_links":{"self":[{"href":"https:\/\/gokalp-hukuk.com\/index.php\/wp-json\/wp\/v2\/pages\/32"}],"collection":[{"href":"https:\/\/gokalp-hukuk.com\/index.php\/wp-json\/wp\/v2\/pages"}],"about":[{"href":"https:\/\/gokalp-hukuk.com\/index.php\/wp-json\/wp\/v2\/types\/page"}],"author":[{"embeddable":true,"href":"https:\/\/gokalp-hukuk.com\/index.php\/wp-json\/wp\/v2\/users\/1"}],"replies":[{"embeddable":true,"href":"https:\/\/gokalp-hukuk.com\/index.php\/wp-json\/wp\/v2\/comments?post=32"}],"version-history":[{"count":9,"href":"https:\/\/gokalp-hukuk.com\/index.php\/wp-json\/wp\/v2\/pages\/32\/revisions"}],"predecessor-version":[{"id":67,"href":"https:\/\/gokalp-hukuk.com\/index.php\/wp-json\/wp\/v2\/pages\/32\/revisions\/67"}],"wp:attachment":[{"href":"https:\/\/gokalp-hukuk.com\/index.php\/wp-json\/wp\/v2\/media?parent=32"}],"curies":[{"name":"wp","href":"https:\/\/api.w.org\/{rel}","templated":true}]}}